base 5, what is -20112 - 31022?
-101134
In base 14, what is 2bdd8a96 + -5?
2bdd8a91
In base 15, what is 0 - -321991?
321991
In base 9, what is -862 + 816665?
815703
In base 13, what is -6 - -992a?
9924
In base 7, what is 5645236 + -314?
5644622
In base 5, what is 23143132 + 23?
23143210
In base 14, what is 2 + -1a7a721?
-1a7a71d
In base 3, what is -12012 - 20111212?
-20201001
In base 16, what is -5bc - -317?
-2a5
In base 4, what is 23000232003 - 10?
23000231333
In base 12, what is -3 - 278b74?
-278b77
In base 4, what is 11123121222322 + -10?
11123121222312
In base 3, what is 1012 - 2111120202212?
-2111120201200
In base 15, what is 7 + -9569e91?
-9569e89
In base 8, what is -1500450 - 434?
-1501104
In base 14, what is 5c - 1da75a?
-1da6dc
In base 6, what is 10301 - -5024224?
5034525
In base 16, what is 31 + 4203b?
4206c
In base 11, what is 0 - -11214451?
11214451
In base 13, what is -13373 - 1495?
-14838
In base 9, what is 120 - 1837081?
-1836861
In base 13, what is 5341 - -101a?
635b
In base 12, what is -2388389 - 73?
-2388440
In base 9, what is 71826 + 2810?
74736
In base 2, what is -100001011110100100110000 + 1011?
-100001011110100100100101
In base 6, what is 13024 - -4?
13032
In base 4, what is -3022001331 - 1133?
-3022003130
In base 16, what is 76ab5 - 18?
76a9d
In base 14, what is -677 - -14254?
139bb
In base 10, what is 0 + -3006646?
-3006646
In base 10, what is 29699130 + 1?
29699131
In base 16, what is -1ca - 2bc2a?
-2bdf4
In base 7, what is -554060333 + -4?
-554060340
In base 10, what is 3037363 - 0?
3037363
In base 3, what is -1002022001220 - 1002?
-1002022002222
In base 5, what is 33122 + 1243432?
1332104
In base 8, what is -30067 - -15432?
-12435
In base 3, what is -2110102011012120 + -2?
-2110102011012122
In base 3, what is -10100101 + 2212222002?
2202121201
In base 2, what is 1100110100110110000100 + 101?
1100110100110110001001
In base 9, what is -46410787 + 6?
-46410781
In base 13, what is 2642727 - c?
2642718
In base 3, what is -21 + -10012020121021022?
-10012020121021120
In base 7, what is -13 - 2556464?
-2556510
In base 12, what is 2034b + 144?
20493
In base 9, what is 11 - -600503?
600514
In base 11, what is -4 + -810972a9?
-81097302
In base 15, what is -45a9927c + 1?
-45a9927b
In base 10, what is 172358758 - -2?
172358760
In base 4, what is 121323 + -11211013?
-11023030
In base 3, what is -10100211200211 + 112002?
-10100211011202
In base 12, what is a2441567 - 2?
a2441565
In base 14, what is -67cc6 - -73?
-67c53
In base 11, what is 32818 - -a16?
33733
In base 6, what is -1325045 + -125422?
-1454511
In base 7, what is -125 - 101665?
-102123
In base 8, what is 1676 - 1505?
171
In base 14, what is 4 - 74707?
-74703
In base 6, what is 3435351 + -3111?
3432240
In base 6, what is -102 + 101210243?
101210141
In base 14, what is 2cb688c - 4?
2cb6888
In base 12, what is 346 + 382a9a?
383224
In base 15, what is 446 + -831b7?
-82c71
In base 14, what is 636 - -40d1?
4727
In base 10, what is 10556435 + -5?
10556430
In base 2, what is 11 - 10101100010101010010001100?
-10101100010101010010001001
In base 6, what is 2300513130 - 1?
2300513125
In base 9, what is 2384 - 12070?
-8575
In base 13, what is -8 + 3762a74?
3762a69
In base 8, what is -7 - 57711442?
-57711451
In base 10, what is -2038 - -13213?
11175
In base 14, what is -2 - 20d3d84?
-20d3d86
In base 8, what is 51570703 + -15?
51570666
In base 11, what is 10722592 - -5?
10722597
In base 7, what is 10 - 26404063?
-26404053
In base 11, what is -137 - 6a460?
-6a597
In base 15, what is -be460 - -4a?
-be415
In base 6, what is -10541255 + 21342?
-10515513
In base 11, what is -6 - -22522824?
22522819
In base 2, what is 1010010111011 + -11101000110101?
-10010101111010
In base 6, what is 110150021 - -20?
110150041
In base 5, what is -10 + 13041443133?
13041443123
In base 16, what is 6 - -12412d?
124133
In base 7, what is -15463 - 23605?
-42401
In base 9, what is 701 + 21004?
21705
In base 8, what is 21776 - -452?
22450
In base 16, what is -4e2f - 3c91?
-8ac0
In base 13, what is -12b74 + -22b7?
-1515b
In base 15, what is -2cca84 + 1?
-2cca83
In base 4, what is 11222200000 + -13032?
11222120302
In base 13, what is 9 - 1125a127?
-1125a11b
In base 5, what is -3311 + -3134313?
-3143124
In base 16, what is 9624 + 1e8?
980c
In base 6, what is 23231 + -4133402?
-4110131
In base 2, what is -1011 - 1110010011000111001010?
-1110010011000111010101
In base 5, what is -114233400 + -22?
-114233422
In base 15, what is -1196 + -1a9?
-1350
In base 12, what is -3 + -b4a0b84?
-b4a0b87
In base 14, what is 6 + 205c175?
205c17b
In base 6, what is -111 - -101351521?
101351410
In base 10, what is -3 - 51602660?
-51602663
In base 13, what is -42bac9 + 27a?
-42b84c
In base 2, what is -100 + 11010000100101101001101111?
11010000100101101001101011
In base 11, what is -1347 + -a796?
-11032
In base 2, what is 1100100 + -100010001001010?
-100001111100110
In base 11, what is -21544 + 147?
-213a8
In base 12, what is -2a - 69059b?
-690609
In base 6, what is 1420501433 + -1?
1420501432
In base 3, what is 2 + -1010020121001102?
-1010020121001100
In base 16, what is -c4f - b98?
-17e7
In base 3, what is 22001221202 - 1012?
22001220120
In base 6, what is -111310322 + 1032?
-111305250
In base 6, what is 1252151 - -25001?
1321152
In base 15, what is -2 + -148d9a2?
-148d9a4
In base 5, what is -12 - -12041013133?
12041013121
In base 8, what is -20050622 - -71?
-20050531
In base 9, what is -438 - -64220?
63671
In base 7, what is 120023120 - 42?
120023045
In base 4, what is 1102120310 - -13?
1102120323
In base 9, what is -4158 + -21778?
-26047
In base 7, what is -16 - 363011562?
-363011611
In base 13, what is -1 + -b655342?
-b655343
In base 14, what is 8c - -712b77?
712c25
In base 13, what is 26c369 + 77?
26c413
In base 2, what is 100 - 1111100000011111110000101?
-1111100000011111110000001
In base 3, what is 1010 - -200002220?
200011000
In base 9, what is -1062 + -3311?
-4373
In base 13, what is -5 + -27b8603?
-27b8608
In base 5, what is -10310011003 + 10?
-10310010443
In base 14, what is -15365 - 1?
-15366
In base 10, what is 78375472 - 5?
78375467
In base 14, what is -7481c - -186?
-74676
In base 13, what is -34 - -28976?
28942
In base 7, what is -3 - 234452221?
-234452224
In base 7, what is 11 + 4133365?
4133406
In base 10, what is 60602370 - 2?
60602368
In base 12, what is 3bab5 - 0?
3bab5
In base 5, what is 2141413240 + 2?
2141413242
In base 3, what is -2220002 - 2021101011?
-2101021020
In base 14, what is 17 - -1429b4?
1429cb
In base 16, what is 600e - -617d?
c18b
In base 6, what is 2 - 3530112454?
-3530112452
In base 11, what is 57628 + 48?
57675
In base 8, what is 17270761 - 12?
17270747
In base 6, what is -14111425 - -203?
-14111222
In base 10, what is -1 + 15764839?
15764838
In base 9, what is -142 + -4570584?
-4570736
In base 11, what is 47714 - 2a5?
4741a
In base 13, what is -2b71a27 + -57?
-2b71a81
In base 10, what is -470398 - 4?
-470402
In base 13, what is a96b7c + -6?
a96b76
In base 16, what is 1a + 2bb6e?
2bb88
In base 3, what is 1012 + -10120010011?
-10120001222
In base 12, what is 494a2 - 49?
49455
In base 14, what is -119a78dc - 2?
-119a7900
In base 15, what is -24 + -793579?
-79359d
In base 15, what is -b21b14 + -7?
-b21b1b
In base 12, what is -12a1 + 191a?
639
In base 15, what is -282ab1 - d?
-282abe
In base 12, what is 158216 + b?
158225
In base 13, what is -50b6 - b8?
-51a1
In base 8, what is -651441 + 1657?
-647562
In base 8, what is -4 + -535260532?
-535260536
In base 13, what is 160743 + -3?
160740
In base 5, what is -4 - 204421314014?
-204421314023
In base 5, what is -1312133341 + -1?
-1312133342
In base 5, what is 4112244023 + 111?
4112244134
In base 13, what is 2 - aa5237?
-aa5235
In base 15, what is 9 + 37b42?
37b4b
In base 6, what is 251225410 + -24?
251225342
In base 16, what is 82ab - -446?
86f1
In base 11, what is 18338 + -2a384?
-12047
In base 4, what is -2 - 312102220020?
-312102220022
In base 5, what is 433 + -211122224?
-211121241
In base 15, what is 4e0166 - -6?
4e016c
In base 15, what is 3 + -2184ec?
-2184e9
In base 10, what is 70768 + -714?
70054
In base 6, what is -244452230 + -14?
-244452244
In base 15, what is -19a4b3 - 2?
-19a4b5
In base 4, what is 1110121 + -10133?
1033322
In base 6, what 